{"id":11,"date":"2018-07-26T20:33:25","date_gmt":"2018-07-26T23:33:25","guid":{"rendered":"http:\/\/reservaheitor.com.br\/site\/?page_id=11"},"modified":"2019-04-10T01:19:25","modified_gmt":"2019-04-10T04:19:25","slug":"reserva-heitor","status":"publish","type":"page","link":"https:\/\/reservaheitor.com.br\/site\/","title":{"rendered":"Reserva Heitor"},"content":{"rendered":"<div class=\"col-md-12\">\n<h3>Miss\u00e3o<\/h3>\n<p style=\"text-align: center;\">Visamos produzir um caf\u00e9 especial, de sabor e qualidade surpreendentes e que atenda os paladares mais exigentes, em qualquer lugar do mundo.<\/p>\n<h3>VIS\u00c3O<\/h3>\n<p style=\"text-align: center;\">Ser refer\u00eancia enquanto caf\u00e9 da regi\u00e3o do Cerrado Mineiro para contribuir com a valoriza\u00e7\u00e3o do caf\u00e9 especial brasileiro no mundo.<\/p>\n<h3>VALORES<\/h3>\n<p style=\"text-align: center;\"><span style=\"color: #3f663f;\"><strong>Valoriza\u00e7\u00e3o do nosso Legado<\/strong><\/span><\/p>\n<p style=\"text-align: center;\">Acreditamos na tradi\u00e7\u00e3o, naquilo que nos foi transmitido de gera\u00e7\u00e3o para gera\u00e7\u00e3o enquanto uma miss\u00e3o recebida, o nosso prop\u00f3sito, o nosso legado.<\/p>\n<p style=\"text-align: center;\"><span style=\"color: #3f663f;\"><strong>\u00c9tica e Justi\u00e7a <\/strong><\/span><\/p>\n<p style=\"text-align: center;\">Todos os nossos neg\u00f3cios s\u00e3o orientados pelos valores \u00e9ticos e normas que regem as rela\u00e7\u00f5es e a sociedade.<\/p>\n<p style=\"text-align: center;\"><span style=\"color: #3f663f;\"><strong>Respeito pela Terra<\/strong><\/span><\/p>\n<p style=\"text-align: center;\">Trabalhamos para conscientizar as futuras gera\u00e7\u00f5es e a comunidade local sobre a import\u00e2ncia do respeito \u00e0 terra para a manuten\u00e7\u00e3o da vida.<\/p>\n<p>,<\/p>\n<\/div>\n","protected":false},"excerpt":{"rendered":"<p>Miss\u00e3o Visamos produzir um caf\u00e9 especial, de sabor e qualidade surpreendentes e que atenda os paladares mais exigentes, em qualquer lugar do mundo. VIS\u00c3O Ser refer\u00eancia enquanto caf\u00e9 da regi\u00e3o do Cerrado Mineiro para contribuir com a valoriza\u00e7\u00e3o do caf\u00e9 especial brasileiro no mundo. VALORES Valoriza\u00e7\u00e3o do nosso Legado Acreditamos na tradi\u00e7\u00e3o, naquilo que nos [&hellip;]<\/p>\n","protected":false},"author":1,"featured_media":0,"parent":0,"menu_order":1,"comment_status":"closed","ping_status":"closed","template":"","meta":{"footnotes":""},"class_list":["post-11","page","type-page","status-publish","hentry"],"_links":{"self":[{"href":"https:\/\/reservaheitor.com.br\/site\/wp-json\/wp\/v2\/pages\/11","targetHints":{"allow":["GET"]}}],"collection":[{"href":"https:\/\/reservaheitor.com.br\/site\/wp-json\/wp\/v2\/pages"}],"about":[{"href":"https:\/\/reservaheitor.com.br\/site\/wp-json\/wp\/v2\/types\/page"}],"author":[{"embeddable":true,"href":"https:\/\/reservaheitor.com.br\/site\/wp-json\/wp\/v2\/users\/1"}],"replies":[{"embeddable":true,"href":"https:\/\/reservaheitor.com.br\/site\/wp-json\/wp\/v2\/comments?post=11"}],"version-history":[{"count":15,"href":"https:\/\/reservaheitor.com.br\/site\/wp-json\/wp\/v2\/pages\/11\/revisions"}],"predecessor-version":[{"id":391,"href":"https:\/\/reservaheitor.com.br\/site\/wp-json\/wp\/v2\/pages\/11\/revisions\/391"}],"wp:attachment":[{"href":"https:\/\/reservaheitor.com.br\/site\/wp-json\/wp\/v2\/media?parent=11"}],"curies":[{"name":"wp","href":"https:\/\/api.w.org\/{rel}","templated":true}]}}

<div class="col-md-12">
<h3>Missão</h3>
<p style="text-align: center;">Visamos produzir um café especial, de sabor e qualidade surpreendentes e que atenda os paladares mais exigentes, em qualquer lugar do mundo.</p>
<h3>VISÃO</h3>
<p style="text-align: center;">Ser referência enquanto café da região do Cerrado Mineiro para contribuir com a valorização do café especial brasileiro no mundo.</p>
<h3>VALORES</h3>
<p style="text-align: center;"><span style="color: #3f663f;"><strong>Valorização do nosso Legado</strong></span></p>
<p style="text-align: center;">Acreditamos na tradição, naquilo que nos foi transmitido de geração para geração enquanto uma missão recebida, o nosso propósito, o nosso legado.</p>
<p style="text-align: center;"><span style="color: #3f663f;"><strong>Ética e Justiça </strong></span></p>
<p style="text-align: center;">Todos os nossos negócios são orientados pelos valores éticos e normas que regem as relações e a sociedade.</p>
<p style="text-align: center;"><span style="color: #3f663f;"><strong>Respeito pela Terra</strong></span></p>
<p style="text-align: center;">Trabalhamos para conscientizar as futuras gerações e a comunidade local sobre a importância do respeito à terra para a manutenção da vida.</p>
<p>,</p>
</div>

<p>Missão Visamos produzir um café especial, de sabor e qualidade surpreendentes e que atenda os paladares mais exigentes, em qualquer lugar do mundo. VISÃO Ser referência enquanto café da região do Cerrado Mineiro para contribuir com a valorização do café especial brasileiro no mundo. VALORES Valorização do nosso Legado Acreditamos na tradição, naquilo que nos [&hellip;]</p>
