{"id":252,"date":"2018-09-10T20:47:40","date_gmt":"2018-09-10T23:47:40","guid":{"rendered":"http:\/\/reservaheitor.com.br\/site\/?page_id=252"},"modified":"2019-05-14T16:00:57","modified_gmt":"2019-05-14T19:00:57","slug":"sustentabilidade","status":"publish","type":"page","link":"https:\/\/reservaheitor.com.br\/site\/sustentabilidade\/","title":{"rendered":"Sustentabilidade"},"content":{"rendered":"<div class=\"col-md-12\">\n<p style=\"text-align: left\">Nosso nome, Reserva Heitor, carrega dois importantes significados. Um deles \u00e9 uma refer\u00eancia \u00e0 qualidade al\u00e9m da m\u00e9dia atribu\u00edda aos caf\u00e9s produzidos em nossa fazenda; o outro \u00e9 uma homenagem \u00e0 nossa terra e legado, materializada com o intenso trabalho de reflorestamento e recupera\u00e7\u00e3o do bioma do Cerrado realizado em nossa propriedade.<\/p>\n<p style=\"text-align: left\">Antes de ser adquirida em 1994, a fazenda era dedicada \u00e0 pecu\u00e1ria e n\u00e3o possu\u00eda vegeta\u00e7\u00e3o, apenas pasto para a cria\u00e7\u00e3o de gado. J\u00e1 no ano de sua aquisi\u00e7\u00e3o, o trabalho de recupera\u00e7\u00e3o foi iniciado. Reconstitu\u00edmos o ecossistema do cerrado, incluindo fauna, flora, solo e nascentes. Atualmente, nossa fazenda possui todas suas \u00c1reas de Preserva\u00e7\u00e3o Permanente (APP) e Reserva Legal reconstitu\u00eddas e \u00e9 refer\u00eancia para projetos do mesmo \u00e2mbito em toda regi\u00e3o.<\/p>\n<p style=\"text-align: left\">Em 2009, iniciamos o projeto \u201cDia da \u00c1rvore\u201d em parceria com a Escola Municipal Gino Andr\u00e9 Barbosa. Anualmente, recebemos os alunos da escola em nossa fazenda para um dia de aprendizado, experi\u00eancia e lazer. S\u00e3o realizadas palestras sobre o meio ambiente, passeios pela \u00e1rea de vegeta\u00e7\u00e3o recuperada com suas nascentes, e finalizamos o dia com o plantio de \u00e1rvores nativas. Nosso objetivo \u00e9 conscientizar as crian\u00e7as da comunidade sobre a import\u00e2ncia da preserva\u00e7\u00e3o dos recursos naturais e contribuir com a forma\u00e7\u00e3o de cidad\u00e3os com uma vis\u00e3o sustent\u00e1vel para o meio ambiente.<\/p>\n<p style=\"text-align: left\">Temos como princ\u00edpio a produ\u00e7\u00e3o de caf\u00e9s especiais aliada ao respeito pelo meio ambiente e pelas pessoas. Para isso, unimos nossa experi\u00eancia \u00e0s novas tecnologias na produ\u00e7\u00e3o de caf\u00e9 com foco no desenvolvimento de pr\u00e1ticas sustent\u00e1veis que valorizem a \u00e9tica, a comunidade e a preserva\u00e7\u00e3o dos recursos naturais. Al\u00e9m disso, tamb\u00e9m promovemos a\u00e7\u00f5es de reconhecimento voltadas para os nossos colaboradores, que partem desde a garantia de um ambiente trabalho agrad\u00e1vel \u00e0 qualifica\u00e7\u00e3o profissional para todos.<\/p>\n<p>&nbsp;<\/p>\n<h3>CERTIFICA\u00c7\u00d5ES E SELOS<\/h3>\n<div class=\"selos\">\n<ul>\n<li><img decoding=\"async\" src=\"http:\/\/reservaheitor.com.br\/site\/wp-content\/uploads\/2018\/07\/starbucks1.jpg\" \/><\/li>\n<li><img decoding=\"async\" src=\"http:\/\/reservaheitor.com.br\/site\/wp-content\/uploads\/2018\/07\/cerrado-1.jpg\" \/><\/li>\n<li><img decoding=\"async\" src=\"http:\/\/reservaheitor.com.br\/site\/wp-content\/uploads\/2018\/07\/nespresso1.jpg\" \/><\/li>\n<li><img decoding=\"async\" src=\"http:\/\/reservaheitor.com.br\/site\/wp-content\/uploads\/2018\/07\/rainforest1.jpg\" \/><\/li>\n<li><img decoding=\"async\" src=\"http:\/\/reservaheitor.com.br\/site\/wp-content\/uploads\/2018\/07\/40-1.jpg\" \/><\/li>\n<\/ul>\n<\/div>\n<\/div>\n","protected":false},"excerpt":{"rendered":"<p>Nosso nome, Reserva Heitor, carrega dois importantes significados. Um deles \u00e9 uma refer\u00eancia \u00e0 qualidade al\u00e9m da m\u00e9dia atribu\u00edda aos caf\u00e9s produzidos em nossa fazenda; o outro \u00e9 uma homenagem \u00e0 nossa terra e legado, materializada com o intenso trabalho de reflorestamento e recupera\u00e7\u00e3o do bioma do Cerrado realizado em nossa propriedade. Antes de ser [&hellip;]<\/p>\n","protected":false},"author":1,"featured_media":0,"parent":0,"menu_order":0,"comment_status":"closed","ping_status":"closed","template":"","meta":{"footnotes":""},"class_list":["post-252","page","type-page","status-publish","hentry"],"_links":{"self":[{"href":"https:\/\/reservaheitor.com.br\/site\/wp-json\/wp\/v2\/pages\/252","targetHints":{"allow":["GET"]}}],"collection":[{"href":"https:\/\/reservaheitor.com.br\/site\/wp-json\/wp\/v2\/pages"}],"about":[{"href":"https:\/\/reservaheitor.com.br\/site\/wp-json\/wp\/v2\/types\/page"}],"author":[{"embeddable":true,"href":"https:\/\/reservaheitor.com.br\/site\/wp-json\/wp\/v2\/users\/1"}],"replies":[{"embeddable":true,"href":"https:\/\/reservaheitor.com.br\/site\/wp-json\/wp\/v2\/comments?post=252"}],"version-history":[{"count":15,"href":"https:\/\/reservaheitor.com.br\/site\/wp-json\/wp\/v2\/pages\/252\/revisions"}],"predecessor-version":[{"id":413,"href":"https:\/\/reservaheitor.com.br\/site\/wp-json\/wp\/v2\/pages\/252\/revisions\/413"}],"wp:attachment":[{"href":"https:\/\/reservaheitor.com.br\/site\/wp-json\/wp\/v2\/media?parent=252"}],"curies":[{"name":"wp","href":"https:\/\/api.w.org\/{rel}","templated":true}]}}

<div class="col-md-12">
<p style="text-align: left">Nosso nome, Reserva Heitor, carrega dois importantes significados. Um deles é uma referência à qualidade além da média atribuída aos cafés produzidos em nossa fazenda; o outro é uma homenagem à nossa terra e legado, materializada com o intenso trabalho de reflorestamento e recuperação do bioma do Cerrado realizado em nossa propriedade.</p>
<p style="text-align: left">Antes de ser adquirida em 1994, a fazenda era dedicada à pecuária e não possuía vegetação, apenas pasto para a criação de gado. Já no ano de sua aquisição, o trabalho de recuperação foi iniciado. Reconstituímos o ecossistema do cerrado, incluindo fauna, flora, solo e nascentes. Atualmente, nossa fazenda possui todas suas Áreas de Preservação Permanente (APP) e Reserva Legal reconstituídas e é referência para projetos do mesmo âmbito em toda região.</p>
<p style="text-align: left">Em 2009, iniciamos o projeto “Dia da Árvore” em parceria com a Escola Municipal Gino André Barbosa. Anualmente, recebemos os alunos da escola em nossa fazenda para um dia de aprendizado, experiência e lazer. São realizadas palestras sobre o meio ambiente, passeios pela área de vegetação recuperada com suas nascentes, e finalizamos o dia com o plantio de árvores nativas. Nosso objetivo é conscientizar as crianças da comunidade sobre a importância da preservação dos recursos naturais e contribuir com a formação de cidadãos com uma visão sustentável para o meio ambiente.</p>
<p style="text-align: left">Temos como princípio a produção de cafés especiais aliada ao respeito pelo meio ambiente e pelas pessoas. Para isso, unimos nossa experiência às novas tecnologias na produção de café com foco no desenvolvimento de práticas sustentáveis que valorizem a ética, a comunidade e a preservação dos recursos naturais. Além disso, também promovemos ações de reconhecimento voltadas para os nossos colaboradores, que partem desde a garantia de um ambiente trabalho agradável à qualificação profissional para todos.</p>
<p>&nbsp;</p>
<h3>CERTIFICAÇÕES E SELOS</h3>
<div class="selos">
<ul>
<li><img decoding="async" src="http://reservaheitor.com.br/site/wp-content/uploads/2018/07/starbucks1.jpg" /></li>
<li><img decoding="async" src="http://reservaheitor.com.br/site/wp-content/uploads/2018/07/cerrado-1.jpg" /></li>
<li><img decoding="async" src="http://reservaheitor.com.br/site/wp-content/uploads/2018/07/nespresso1.jpg" /></li>
<li><img decoding="async" src="http://reservaheitor.com.br/site/wp-content/uploads/2018/07/rainforest1.jpg" /></li>
<li><img decoding="async" src="http://reservaheitor.com.br/site/wp-content/uploads/2018/07/40-1.jpg" /></li>
</ul>
</div>
</div>

<p>Nosso nome, Reserva Heitor, carrega dois importantes significados. Um deles é uma referência à qualidade além da média atribuída aos cafés produzidos em nossa fazenda; o outro é uma homenagem à nossa terra e legado, materializada com o intenso trabalho de reflorestamento e recuperação do bioma do Cerrado realizado em nossa propriedade. Antes de ser [&hellip;]</p>
