{"id":46,"date":"2018-07-26T21:09:45","date_gmt":"2018-07-27T00:09:45","guid":{"rendered":"http:\/\/reservaheitor.com.br\/site\/?page_id=46"},"modified":"2019-05-05T16:45:55","modified_gmt":"2019-05-05T19:45:55","slug":"sobre","status":"publish","type":"page","link":"https:\/\/reservaheitor.com.br\/site\/sobre\/","title":{"rendered":"Hist\u00f3ria"},"content":{"rendered":"<div class=\"col-md-12\">\n<p style=\"text-align: justify;\">O amor pelo caf\u00e9 surgiu no final da d\u00e9cada de 60, quando os primeiros p\u00e9s de caf\u00e9 chegaram ao Cerrado Mineiro.<\/p>\n<p style=\"text-align: justify;\">O empreendedor Manuel Velloso iniciou o plantio da nova cultura em sua propriedade, no munic\u00edpio de Carmo do Parana\u00edba, se tornando a primeira gera\u00e7\u00e3o da fam\u00edlia na cafeicultura.<\/p>\n<p style=\"text-align: justify;\">Sua filha, Sheyla Velloso, e seu marido, Marcus Heitor, herdaram o amor de Manuel pela cafeicultura e, em 1994, deram continuidade em sua trajet\u00f3ria, adquirindo a Fazenda Reserva Heitor, no munic\u00edpio de Patos de Minas, e iniciando o cultivo de caf\u00e9 no mesmo ano.<\/p>\n<p style=\"text-align: justify;\">Desde ent\u00e3o, a busca pela excel\u00eancia na produ\u00e7\u00e3o de caf\u00e9 \u00e9 uma constante. Atualmente, a fam\u00edlia se encontra na terceira gera\u00e7\u00e3o na cafeicultura, com a atua\u00e7\u00e3o dos filhos Mariana e Leonardo Heitor.<\/p>\n<\/div>\n","protected":false},"excerpt":{"rendered":"<p>O amor pelo caf\u00e9 surgiu no final da d\u00e9cada de 60, quando os primeiros p\u00e9s de caf\u00e9 chegaram ao Cerrado Mineiro. O empreendedor Manuel Velloso iniciou o plantio da nova cultura em sua propriedade, no munic\u00edpio de Carmo do Parana\u00edba, se tornando a primeira gera\u00e7\u00e3o da fam\u00edlia na cafeicultura. Sua filha, Sheyla Velloso, e seu [&hellip;]<\/p>\n","protected":false},"author":1,"featured_media":0,"parent":0,"menu_order":0,"comment_status":"closed","ping_status":"closed","template":"","meta":{"footnotes":""},"class_list":["post-46","page","type-page","status-publish","hentry"],"_links":{"self":[{"href":"https:\/\/reservaheitor.com.br\/site\/wp-json\/wp\/v2\/pages\/46","targetHints":{"allow":["GET"]}}],"collection":[{"href":"https:\/\/reservaheitor.com.br\/site\/wp-json\/wp\/v2\/pages"}],"about":[{"href":"https:\/\/reservaheitor.com.br\/site\/wp-json\/wp\/v2\/types\/page"}],"author":[{"embeddable":true,"href":"https:\/\/reservaheitor.com.br\/site\/wp-json\/wp\/v2\/users\/1"}],"replies":[{"embeddable":true,"href":"https:\/\/reservaheitor.com.br\/site\/wp-json\/wp\/v2\/comments?post=46"}],"version-history":[{"count":33,"href":"https:\/\/reservaheitor.com.br\/site\/wp-json\/wp\/v2\/pages\/46\/revisions"}],"predecessor-version":[{"id":397,"href":"https:\/\/reservaheitor.com.br\/site\/wp-json\/wp\/v2\/pages\/46\/revisions\/397"}],"wp:attachment":[{"href":"https:\/\/reservaheitor.com.br\/site\/wp-json\/wp\/v2\/media?parent=46"}],"curies":[{"name":"wp","href":"https:\/\/api.w.org\/{rel}","templated":true}]}}

História

<div class="col-md-12">
<p style="text-align: justify;">O amor pelo café surgiu no final da década de 60, quando os primeiros pés de café chegaram ao Cerrado Mineiro.</p>
<p style="text-align: justify;">O empreendedor Manuel Velloso iniciou o plantio da nova cultura em sua propriedade, no município de Carmo do Paranaíba, se tornando a primeira geração da família na cafeicultura.</p>
<p style="text-align: justify;">Sua filha, Sheyla Velloso, e seu marido, Marcus Heitor, herdaram o amor de Manuel pela cafeicultura e, em 1994, deram continuidade em sua trajetória, adquirindo a Fazenda Reserva Heitor, no município de Patos de Minas, e iniciando o cultivo de café no mesmo ano.</p>
<p style="text-align: justify;">Desde então, a busca pela excelência na produção de café é uma constante. Atualmente, a família se encontra na terceira geração na cafeicultura, com a atuação dos filhos Mariana e Leonardo Heitor.</p>
</div>

<p>O amor pelo café surgiu no final da década de 60, quando os primeiros pés de café chegaram ao Cerrado Mineiro. O empreendedor Manuel Velloso iniciou o plantio da nova cultura em sua propriedade, no município de Carmo do Paranaíba, se tornando a primeira geração da família na cafeicultura. Sua filha, Sheyla Velloso, e seu [&hellip;]</p>
