{"id":49,"date":"2018-07-26T21:09:45","date_gmt":"2018-07-27T00:09:45","guid":{"rendered":"http:\/\/reservaheitor.com.br\/site\/?page_id=49"},"modified":"2019-05-06T10:57:48","modified_gmt":"2019-05-06T13:57:48","slug":"cerrado-mineiro","status":"publish","type":"page","link":"https:\/\/reservaheitor.com.br\/site\/cerrado-mineiro\/","title":{"rendered":"Cerrado Mineiro"},"content":{"rendered":"<div class=\"col-md-12\">\n<p style=\"text-align: justify;\"><img loading=\"lazy\" decoding=\"async\" class=\"alignright wp-image-276 size-full\" src=\"http:\/\/reservaheitor.com.br\/site\/en\/wp-content\/uploads\/sites\/2\/2019\/05\/mapa2.png\" alt=\"\" width=\"499\" height=\"518\" \/>Estamos localizados no munic\u00edpio de Patos de Minas, que faz parte da Regi\u00e3o do Cerrado Mineiro. Uma origem produtora de caf\u00e9s diferenciados devido a caracter\u00edsticas f\u00edsico-qu\u00edmicas de solo, relevo e microclimas ideais. Somos a primeira regi\u00e3o no Brasil com Denomina\u00e7\u00e3o de Origem (D.O) para o caf\u00e9, composta por 55 munic\u00edpios localizados no noroeste do Estado de Minas Gerais.<\/p>\n<p><a href=\"http:\/\/www.cerradomineiro.org\/\" target=\"_blank\" rel=\"noopener noreferrer\">Saiba Mais&#8230;<\/a><br \/>\n<img loading=\"lazy\" decoding=\"async\" class=\" wp-image-285 alignleft\" src=\"http:\/\/reservaheitor.com.br\/site\/wp-content\/uploads\/2018\/09\/logo-cerrado.png\" alt=\"\" width=\"206\" height=\"153\" \/><\/p>\n<\/div>\n","protected":false},"excerpt":{"rendered":"<p>Estamos localizados no munic\u00edpio de Patos de Minas, que faz parte da Regi\u00e3o do Cerrado Mineiro. Uma origem produtora de caf\u00e9s diferenciados devido a caracter\u00edsticas f\u00edsico-qu\u00edmicas de solo, relevo e microclimas ideais. Somos a primeira regi\u00e3o no Brasil com Denomina\u00e7\u00e3o de Origem (D.O) para o caf\u00e9, composta por 55 munic\u00edpios localizados no noroeste do Estado [&hellip;]<\/p>\n","protected":false},"author":1,"featured_media":0,"parent":0,"menu_order":0,"comment_status":"closed","ping_status":"closed","template":"","meta":{"footnotes":""},"class_list":["post-49","page","type-page","status-publish","hentry"],"_links":{"self":[{"href":"https:\/\/reservaheitor.com.br\/site\/wp-json\/wp\/v2\/pages\/49","targetHints":{"allow":["GET"]}}],"collection":[{"href":"https:\/\/reservaheitor.com.br\/site\/wp-json\/wp\/v2\/pages"}],"about":[{"href":"https:\/\/reservaheitor.com.br\/site\/wp-json\/wp\/v2\/types\/page"}],"author":[{"embeddable":true,"href":"https:\/\/reservaheitor.com.br\/site\/wp-json\/wp\/v2\/users\/1"}],"replies":[{"embeddable":true,"href":"https:\/\/reservaheitor.com.br\/site\/wp-json\/wp\/v2\/comments?post=49"}],"version-history":[{"count":26,"href":"https:\/\/reservaheitor.com.br\/site\/wp-json\/wp\/v2\/pages\/49\/revisions"}],"predecessor-version":[{"id":406,"href":"https:\/\/reservaheitor.com.br\/site\/wp-json\/wp\/v2\/pages\/49\/revisions\/406"}],"wp:attachment":[{"href":"https:\/\/reservaheitor.com.br\/site\/wp-json\/wp\/v2\/media?parent=49"}],"curies":[{"name":"wp","href":"https:\/\/api.w.org\/{rel}","templated":true}]}}

<div class="col-md-12">
<p style="text-align: justify;"><img loading="lazy" decoding="async" class="alignright wp-image-276 size-full" src="http://reservaheitor.com.br/site/en/wp-content/uploads/sites/2/2019/05/mapa2.png" alt="" width="499" height="518" />Estamos localizados no município de Patos de Minas, que faz parte da Região do Cerrado Mineiro. Uma origem produtora de cafés diferenciados devido a características físico-químicas de solo, relevo e microclimas ideais. Somos a primeira região no Brasil com Denominação de Origem (D.O) para o café, composta por 55 municípios localizados no noroeste do Estado de Minas Gerais.</p>
<p><a href="http://www.cerradomineiro.org/" target="_blank" rel="noopener noreferrer">Saiba Mais&#8230;</a><br />
<img loading="lazy" decoding="async" class=" wp-image-285 alignleft" src="http://reservaheitor.com.br/site/wp-content/uploads/2018/09/logo-cerrado.png" alt="" width="206" height="153" /></p>
</div>

<p>Estamos localizados no município de Patos de Minas, que faz parte da Região do Cerrado Mineiro. Uma origem produtora de cafés diferenciados devido a características físico-químicas de solo, relevo e microclimas ideais. Somos a primeira região no Brasil com Denominação de Origem (D.O) para o café, composta por 55 municípios localizados no noroeste do Estado [&hellip;]</p>
